{"id":8,"date":"2024-07-31T09:41:18","date_gmt":"2024-07-31T06:41:18","guid":{"rendered":"https:\/\/lithuania.wordcamp.org\/2025\/speakers\/"},"modified":"2025-08-21T16:21:51","modified_gmt":"2025-08-21T13:21:51","slug":"speakers","status":"publish","type":"page","link":"https:\/\/lithuania.wordcamp.org\/2025\/speakers\/","title":{"rendered":"Speakers"},"content":{"rendered":"\n<div class=\"wp-block-query alignwide has-global-padding is-layout-constrained wp-block-query-is-layout-constrained\"><ul class=\"columns-3 alignwide wp-block-post-template is-layout-grid wp-container-core-post-template-is-layout-7e964c02 wp-block-post-template-is-layout-grid\"><li class=\"wp-block-post post-1831 wcb_speaker type-wcb_speaker status-publish hentry\">\n<figure style=\"width:96px;height:96px;\" class=\"aligncenter is-style-rounded wp-block-wordcamp-avatar\"><img decoding=\"async\" src=\"https:\/\/secure.gravatar.com\/avatar\/f86dcf848f27897c90d1070eee59c0de58ec8f0df52c6f6fd39ca592de11106d?s=96&amp;d=mm&amp;r=g\" alt=\"Ar\u016bnas Liuiza\" \/><\/figure>\n\n<h2 class=\"has-text-align-center wp-block-post-title has-x-large-font-size\"><a href=\"https:\/\/lithuania.wordcamp.org\/2025\/speaker\/arunas-liuiza\/\" target=\"_self\" >Ar\u016bnas Liuiza<\/a><\/h2>\n\n\n<div class=\"wp-block-group has-global-padding is-layout-constrained wp-block-group-is-layout-constrained\"><a class=\"wp-block-read-more\" href=\"https:\/\/lithuania.wordcamp.org\/2025\/speaker\/arunas-liuiza\/\" target=\"_self\">Read More<span class=\"screen-reader-text\">: Ar\u016bnas Liuiza<\/span><\/a><\/div>\n\n<\/li><li class=\"wp-block-post post-1833 wcb_speaker type-wcb_speaker status-publish hentry\">\n<figure style=\"width:96px;height:96px;\" class=\"aligncenter is-style-rounded wp-block-wordcamp-avatar\"><img decoding=\"async\" src=\"https:\/\/secure.gravatar.com\/avatar\/99f34a2b4877e81f2a599d4a20f755c7c8b54e76e66356256596718dfa08cd19?s=96&amp;d=mm&amp;r=g\" alt=\"Bernard Meyer\" \/><\/figure>\n\n<h2 class=\"has-text-align-center wp-block-post-title has-x-large-font-size\"><a href=\"https:\/\/lithuania.wordcamp.org\/2025\/speaker\/bernard-meyer\/\" target=\"_self\" >Bernard Meyer<\/a><\/h2>\n\n\n<div class=\"wp-block-group has-global-padding is-layout-constrained wp-block-group-is-layout-constrained\"><a class=\"wp-block-read-more\" href=\"https:\/\/lithuania.wordcamp.org\/2025\/speaker\/bernard-meyer\/\" target=\"_self\">Read More<span class=\"screen-reader-text\">: Bernard Meyer<\/span><\/a><\/div>\n\n<\/li><li class=\"wp-block-post post-1430 wcb_speaker type-wcb_speaker status-publish hentry\">\n<figure style=\"width:96px;height:96px;\" class=\"aligncenter is-style-rounded wp-block-wordcamp-avatar\"><img decoding=\"async\" src=\"https:\/\/secure.gravatar.com\/avatar\/85f1a0260f8f9a28cab4a374a4b65277ed9c998602e671278271fab72e3bd7ed?s=96&amp;d=mm&amp;r=g\" alt=\"Christian Taylor\" \/><\/figure>\n\n<h2 class=\"has-text-align-center wp-block-post-title has-x-large-font-size\"><a href=\"https:\/\/lithuania.wordcamp.org\/2025\/speaker\/christian-taylor\/\" target=\"_self\" >Christian Taylor<\/a><\/h2>\n\n\n<div class=\"wp-block-group has-global-padding is-layout-constrained wp-block-group-is-layout-constrained\"><a class=\"wp-block-read-more\" href=\"https:\/\/lithuania.wordcamp.org\/2025\/speaker\/christian-taylor\/\" target=\"_self\">Read More<span class=\"screen-reader-text\">: Christian Taylor<\/span><\/a><\/div>\n\n<\/li><li class=\"wp-block-post post-1471 wcb_speaker type-wcb_speaker status-publish has-post-thumbnail hentry\">\n<figure style=\"width:96px;height:96px;\" class=\"aligncenter is-style-rounded wp-block-wordcamp-avatar\"><img loading=\"lazy\" decoding=\"async\" width=\"96\" height=\"96\" src=\"https:\/\/lithuania.wordcamp.org\/2025\/files\/2025\/07\/Deimante-Smite-WordCampLithuania2025-150x150.jpg\" class=\"attachment-96x96 size-96x96 wp-post-image\" alt=\"Deimant\u0117 \u0160mit\u0117\" \/><\/figure>\n\n<h2 class=\"has-text-align-center wp-block-post-title has-x-large-font-size\"><a href=\"https:\/\/lithuania.wordcamp.org\/2025\/speaker\/deimante-smite\/\" target=\"_self\" >Deimant\u0117 \u0160mit\u0117<\/a><\/h2>\n\n\n<div class=\"wp-block-group has-global-padding is-layout-constrained wp-block-group-is-layout-constrained\"><a class=\"wp-block-read-more\" href=\"https:\/\/lithuania.wordcamp.org\/2025\/speaker\/deimante-smite\/\" target=\"_self\">Read More<span class=\"screen-reader-text\">: Deimant\u0117 \u0160mit\u0117<\/span><\/a><\/div>\n\n<\/li><li class=\"wp-block-post post-1394 wcb_speaker type-wcb_speaker status-publish has-post-thumbnail hentry\">\n<figure style=\"width:96px;height:96px;\" class=\"aligncenter is-style-rounded wp-block-wordcamp-avatar\"><img loading=\"lazy\" decoding=\"async\" width=\"96\" height=\"96\" src=\"https:\/\/lithuania.wordcamp.org\/2025\/files\/2025\/07\/Dennis-Ploetner-WordCampLithuania2025-150x150.jpg\" class=\"attachment-96x96 size-96x96 wp-post-image\" alt=\"Dennis Ploetner\" srcset=\"https:\/\/lithuania.wordcamp.org\/2025\/files\/2025\/07\/Dennis-Ploetner-WordCampLithuania2025-150x150.jpg 150w, https:\/\/lithuania.wordcamp.org\/2025\/files\/2025\/07\/Dennis-Ploetner-WordCampLithuania2025-300x300.jpg 300w, https:\/\/lithuania.wordcamp.org\/2025\/files\/2025\/07\/Dennis-Ploetner-WordCampLithuania2025-1024x1024.jpg 1024w, https:\/\/lithuania.wordcamp.org\/2025\/files\/2025\/07\/Dennis-Ploetner-WordCampLithuania2025-768x768.jpg 768w, https:\/\/lithuania.wordcamp.org\/2025\/files\/2025\/07\/Dennis-Ploetner-WordCampLithuania2025-1536x1536.jpg 1536w, https:\/\/lithuania.wordcamp.org\/2025\/files\/2025\/07\/Dennis-Ploetner-WordCampLithuania2025-2048x2048.jpg 2048w\" sizes=\"auto, (max-width: 96px) 100vw, 96px\" \/><\/figure>\n\n<h2 class=\"has-text-align-center wp-block-post-title has-x-large-font-size\"><a href=\"https:\/\/lithuania.wordcamp.org\/2025\/speaker\/dennis-ploetner\/\" target=\"_self\" >Dennis Ploetner<\/a><\/h2>\n\n\n<div class=\"wp-block-group has-global-padding is-layout-constrained wp-block-group-is-layout-constrained\"><a class=\"wp-block-read-more\" href=\"https:\/\/lithuania.wordcamp.org\/2025\/speaker\/dennis-ploetner\/\" target=\"_self\">Read More<span class=\"screen-reader-text\">: Dennis Ploetner<\/span><\/a><\/div>\n\n<\/li><li class=\"wp-block-post post-1411 wcb_speaker type-wcb_speaker status-publish has-post-thumbnail hentry\">\n<figure style=\"width:96px;height:96px;\" class=\"aligncenter is-style-rounded wp-block-wordcamp-avatar\"><img loading=\"lazy\" decoding=\"async\" width=\"96\" height=\"96\" src=\"https:\/\/lithuania.wordcamp.org\/2025\/files\/2025\/07\/Francesco-Canovi-WordCampLithuania2025-150x150.jpg\" class=\"attachment-96x96 size-96x96 wp-post-image\" alt=\"Francesco Canovi\" srcset=\"https:\/\/lithuania.wordcamp.org\/2025\/files\/2025\/07\/Francesco-Canovi-WordCampLithuania2025-150x150.jpg 150w, https:\/\/lithuania.wordcamp.org\/2025\/files\/2025\/07\/Francesco-Canovi-WordCampLithuania2025-300x300.jpg 300w, https:\/\/lithuania.wordcamp.org\/2025\/files\/2025\/07\/Francesco-Canovi-WordCampLithuania2025-1024x1024.jpg 1024w, https:\/\/lithuania.wordcamp.org\/2025\/files\/2025\/07\/Francesco-Canovi-WordCampLithuania2025-768x768.jpg 768w, https:\/\/lithuania.wordcamp.org\/2025\/files\/2025\/07\/Francesco-Canovi-WordCampLithuania2025.jpg 1500w\" sizes=\"auto, (max-width: 96px) 100vw, 96px\" \/><\/figure>\n\n<h2 class=\"has-text-align-center wp-block-post-title has-x-large-font-size\"><a href=\"https:\/\/lithuania.wordcamp.org\/2025\/speaker\/francesco-canovi\/\" target=\"_self\" >Francesco Canovi<\/a><\/h2>\n\n\n<div class=\"wp-block-group has-global-padding is-layout-constrained wp-block-group-is-layout-constrained\"><a class=\"wp-block-read-more\" href=\"https:\/\/lithuania.wordcamp.org\/2025\/speaker\/francesco-canovi\/\" target=\"_self\">Read More<span class=\"screen-reader-text\">: Francesco Canovi<\/span><\/a><\/div>\n\n<\/li><li class=\"wp-block-post post-1375 wcb_speaker type-wcb_speaker status-publish hentry\">\n<figure style=\"width:96px;height:96px;\" class=\"aligncenter is-style-rounded wp-block-wordcamp-avatar\"><img decoding=\"async\" src=\"https:\/\/secure.gravatar.com\/avatar\/25e1c23711a5409b97207a6820c62f59cc8052bcb823443ba389470658415443?s=96&amp;d=mm&amp;r=g\" alt=\"Georg Richard Aare\" \/><\/figure>\n\n<h2 class=\"has-text-align-center wp-block-post-title has-x-large-font-size\"><a href=\"https:\/\/lithuania.wordcamp.org\/2025\/speaker\/georg-richard-aare\/\" target=\"_self\" >Georg Richard Aare<\/a><\/h2>\n\n\n<div class=\"wp-block-group has-global-padding is-layout-constrained wp-block-group-is-layout-constrained\"><a class=\"wp-block-read-more\" href=\"https:\/\/lithuania.wordcamp.org\/2025\/speaker\/georg-richard-aare\/\" target=\"_self\">Read More<span class=\"screen-reader-text\">: Georg Richard Aare<\/span><\/a><\/div>\n\n<\/li><li class=\"wp-block-post post-1835 wcb_speaker type-wcb_speaker status-publish hentry\">\n<figure style=\"width:96px;height:96px;\" class=\"aligncenter is-style-rounded wp-block-wordcamp-avatar\"><img decoding=\"async\" src=\"https:\/\/secure.gravatar.com\/avatar\/610427c3ead0750551e7dde3d4c452bc103617360e34286744dcf9f60b4d8f32?s=96&amp;d=mm&amp;r=g\" alt=\"Justina\" \/><\/figure>\n\n<h2 class=\"has-text-align-center wp-block-post-title has-x-large-font-size\"><a href=\"https:\/\/lithuania.wordcamp.org\/2025\/speaker\/justina\/\" target=\"_self\" >Justina<\/a><\/h2>\n\n\n<div class=\"wp-block-group has-global-padding is-layout-constrained wp-block-group-is-layout-constrained\"><a class=\"wp-block-read-more\" href=\"https:\/\/lithuania.wordcamp.org\/2025\/speaker\/justina\/\" target=\"_self\">Read More<span class=\"screen-reader-text\">: Justina<\/span><\/a><\/div>\n\n<\/li><li class=\"wp-block-post post-1370 wcb_speaker type-wcb_speaker status-publish hentry\">\n<figure style=\"width:96px;height:96px;\" class=\"aligncenter is-style-rounded wp-block-wordcamp-avatar\"><img decoding=\"async\" src=\"https:\/\/secure.gravatar.com\/avatar\/5169932201cc63a15f33cec6c50ec4af43b421bcbfa36463e62e52088ad758d3?s=96&amp;d=mm&amp;r=g\" alt=\"Paulius\" \/><\/figure>\n\n<h2 class=\"has-text-align-center wp-block-post-title has-x-large-font-size\"><a href=\"https:\/\/lithuania.wordcamp.org\/2025\/speaker\/paulius\/\" target=\"_self\" >Paulius<\/a><\/h2>\n\n\n<div class=\"wp-block-group has-global-padding is-layout-constrained wp-block-group-is-layout-constrained\"><a class=\"wp-block-read-more\" href=\"https:\/\/lithuania.wordcamp.org\/2025\/speaker\/paulius\/\" target=\"_self\">Read More<span class=\"screen-reader-text\">: Paulius<\/span><\/a><\/div>\n\n<\/li><li class=\"wp-block-post post-1859 wcb_speaker type-wcb_speaker status-publish hentry\">\n<figure style=\"width:96px;height:96px;\" class=\"aligncenter is-style-rounded wp-block-wordcamp-avatar\"><img decoding=\"async\" src=\"https:\/\/secure.gravatar.com\/avatar\/3a82b907e1ab83e5c7e03e5bbaf2453439aa22793fc97974348c4e93494cbab7?s=96&amp;d=mm&amp;r=g\" alt=\"Paulius Lescinskas\" \/><\/figure>\n\n<h2 class=\"has-text-align-center wp-block-post-title has-x-large-font-size\"><a href=\"https:\/\/lithuania.wordcamp.org\/2025\/speaker\/paulius-lescinskas\/\" target=\"_self\" >Paulius Lescinskas<\/a><\/h2>\n\n\n<div class=\"wp-block-group has-global-padding is-layout-constrained wp-block-group-is-layout-constrained\"><a class=\"wp-block-read-more\" href=\"https:\/\/lithuania.wordcamp.org\/2025\/speaker\/paulius-lescinskas\/\" target=\"_self\">Read More<span class=\"screen-reader-text\">: Paulius Lescinskas<\/span><\/a><\/div>\n\n<\/li><li class=\"wp-block-post post-1351 wcb_speaker type-wcb_speaker status-publish hentry\">\n<figure style=\"width:96px;height:96px;\" class=\"aligncenter is-style-rounded wp-block-wordcamp-avatar\"><img decoding=\"async\" src=\"https:\/\/secure.gravatar.com\/avatar\/76104b1c33a7aa511a6cec25e0e628a2be43e8d49bd241e9047e76d3a02d7051?s=96&amp;d=mm&amp;r=g\" alt=\"Raitis Sevelis\" \/><\/figure>\n\n<h2 class=\"has-text-align-center wp-block-post-title has-x-large-font-size\"><a href=\"https:\/\/lithuania.wordcamp.org\/2025\/speaker\/raitis-sevelis\/\" target=\"_self\" >Raitis Sevelis<\/a><\/h2>\n\n\n<div class=\"wp-block-group has-global-padding is-layout-constrained wp-block-group-is-layout-constrained\"><a class=\"wp-block-read-more\" href=\"https:\/\/lithuania.wordcamp.org\/2025\/speaker\/raitis-sevelis\/\" target=\"_self\">Read More<span class=\"screen-reader-text\">: Raitis Sevelis<\/span><\/a><\/div>\n\n<\/li><li class=\"wp-block-post post-1672 wcb_speaker type-wcb_speaker status-publish hentry\">\n<figure style=\"width:96px;height:96px;\" class=\"aligncenter is-style-rounded wp-block-wordcamp-avatar\"><img decoding=\"async\" src=\"https:\/\/secure.gravatar.com\/avatar\/137d4ef3c3112c8a1da43e9221c23396c85a3f288f0f1a5157576aac21786247?s=96&amp;d=mm&amp;r=g\" alt=\"Ram\u016bnas Bruzgys\" \/><\/figure>\n\n<h2 class=\"has-text-align-center wp-block-post-title has-x-large-font-size\"><a href=\"https:\/\/lithuania.wordcamp.org\/2025\/speaker\/ramunas-bruzgys\/\" target=\"_self\" >Ram\u016bnas Bruzgys<\/a><\/h2>\n\n\n<div class=\"wp-block-group has-global-padding is-layout-constrained wp-block-group-is-layout-constrained\"><a class=\"wp-block-read-more\" href=\"https:\/\/lithuania.wordcamp.org\/2025\/speaker\/ramunas-bruzgys\/\" target=\"_self\">Read More<span class=\"screen-reader-text\">: Ram\u016bnas Bruzgys<\/span><\/a><\/div>\n\n<\/li><li class=\"wp-block-post post-1484 wcb_speaker type-wcb_speaker status-publish has-post-thumbnail hentry\">\n<figure style=\"width:96px;height:96px;\" class=\"aligncenter is-style-rounded wp-block-wordcamp-avatar\"><img loading=\"lazy\" decoding=\"async\" width=\"96\" height=\"96\" src=\"https:\/\/lithuania.wordcamp.org\/2025\/files\/2025\/07\/Remkus-de-Vries-WordCampLithuania2025-150x150.jpg\" class=\"attachment-96x96 size-96x96 wp-post-image\" alt=\"Remkus de Vries\" srcset=\"https:\/\/lithuania.wordcamp.org\/2025\/files\/2025\/07\/Remkus-de-Vries-WordCampLithuania2025-150x150.jpg 150w, https:\/\/lithuania.wordcamp.org\/2025\/files\/2025\/07\/Remkus-de-Vries-WordCampLithuania2025-300x300.jpg 300w, https:\/\/lithuania.wordcamp.org\/2025\/files\/2025\/07\/Remkus-de-Vries-WordCampLithuania2025.jpg 768w\" sizes=\"auto, (max-width: 96px) 100vw, 96px\" \/><\/figure>\n\n<h2 class=\"has-text-align-center wp-block-post-title has-x-large-font-size\"><a href=\"https:\/\/lithuania.wordcamp.org\/2025\/speaker\/remkus-de-vries\/\" target=\"_self\" >Remkus de Vries<\/a><\/h2>\n\n\n<div class=\"wp-block-group has-global-padding is-layout-constrained wp-block-group-is-layout-constrained\"><a class=\"wp-block-read-more\" href=\"https:\/\/lithuania.wordcamp.org\/2025\/speaker\/remkus-de-vries\/\" target=\"_self\">Read More<span class=\"screen-reader-text\">: Remkus de Vries<\/span><\/a><\/div>\n\n<\/li><li class=\"wp-block-post post-1991 wcb_speaker type-wcb_speaker status-publish hentry\">\n<figure style=\"width:96px;height:96px;\" class=\"aligncenter is-style-rounded wp-block-wordcamp-avatar\"><img decoding=\"async\" src=\"https:\/\/secure.gravatar.com\/avatar\/234aefddcb9efb971609d18e1c2f5071911c407e7542932851ad5ca5d0c13ff0?s=96&amp;d=mm&amp;r=g\" alt=\"Robert Jacobi\" \/><\/figure>\n\n<h2 class=\"has-text-align-center wp-block-post-title has-x-large-font-size\"><a href=\"https:\/\/lithuania.wordcamp.org\/2025\/speaker\/robert-jacobi\/\" target=\"_self\" >Robert Jacobi<\/a><\/h2>\n\n\n<div class=\"wp-block-group has-global-padding is-layout-constrained wp-block-group-is-layout-constrained\"><a class=\"wp-block-read-more\" href=\"https:\/\/lithuania.wordcamp.org\/2025\/speaker\/robert-jacobi\/\" target=\"_self\">Read More<span class=\"screen-reader-text\">: Robert Jacobi<\/span><\/a><\/div>\n\n<\/li><li class=\"wp-block-post post-1391 wcb_speaker type-wcb_speaker status-publish hentry\">\n<figure style=\"width:96px;height:96px;\" class=\"aligncenter is-style-rounded wp-block-wordcamp-avatar\"><img decoding=\"async\" src=\"https:\/\/secure.gravatar.com\/avatar\/8908d28f5360932b85eab9a436674512ecc5013aa0f952bcee35095cba9e05ca?s=96&amp;d=mm&amp;r=g\" alt=\"Teemu Suoranta\" \/><\/figure>\n\n<h2 class=\"has-text-align-center wp-block-post-title has-x-large-font-size\"><a href=\"https:\/\/lithuania.wordcamp.org\/2025\/speaker\/teemu-suoranta\/\" target=\"_self\" >Teemu Suoranta<\/a><\/h2>\n\n\n<div class=\"wp-block-group has-global-padding is-layout-constrained wp-block-group-is-layout-constrained\"><a class=\"wp-block-read-more\" href=\"https:\/\/lithuania.wordcamp.org\/2025\/speaker\/teemu-suoranta\/\" target=\"_self\">Read More<span class=\"screen-reader-text\">: Teemu Suoranta<\/span><\/a><\/div>\n\n<\/li><li class=\"wp-block-post post-1448 wcb_speaker type-wcb_speaker status-publish hentry\">\n<figure style=\"width:96px;height:96px;\" class=\"aligncenter is-style-rounded wp-block-wordcamp-avatar\"><img decoding=\"async\" src=\"https:\/\/secure.gravatar.com\/avatar\/897d9d0cfbb5861ad5ca6ec1dabd58cedb1bca81563f002e3007fb60103a3c3c?s=96&amp;d=mm&amp;r=g\" alt=\"Vineet Talwar\" \/><\/figure>\n\n<h2 class=\"has-text-align-center wp-block-post-title has-x-large-font-size\"><a href=\"https:\/\/lithuania.wordcamp.org\/2025\/speaker\/vineet-talwar\/\" target=\"_self\" >Vineet Talwar<\/a><\/h2>\n\n\n<div class=\"wp-block-group has-global-padding is-layout-constrained wp-block-group-is-layout-constrained\"><a class=\"wp-block-read-more\" href=\"https:\/\/lithuania.wordcamp.org\/2025\/speaker\/vineet-talwar\/\" target=\"_self\">Read More<span class=\"screen-reader-text\">: Vineet Talwar<\/span><\/a><\/div>\n\n<\/li><li class=\"wp-block-post post-1408 wcb_speaker type-wcb_speaker status-publish hentry\">\n<figure style=\"width:96px;height:96px;\" class=\"aligncenter is-style-rounded wp-block-wordcamp-avatar\"><img decoding=\"async\" src=\"https:\/\/secure.gravatar.com\/avatar\/fcab0c1b099ea1f348291abe8d3287c55b03cb5eee04f3d29fc31166bc0ce1c2?s=96&amp;d=mm&amp;r=g\" alt=\"Zemyna\" \/><\/figure>\n\n<h2 class=\"has-text-align-center wp-block-post-title has-x-large-font-size\"><a href=\"https:\/\/lithuania.wordcamp.org\/2025\/speaker\/zemyna\/\" target=\"_self\" >Zemyna<\/a><\/h2>\n\n\n<div class=\"wp-block-group has-global-padding is-layout-constrained wp-block-group-is-layout-constrained\"><a class=\"wp-block-read-more\" href=\"https:\/\/lithuania.wordcamp.org\/2025\/speaker\/zemyna\/\" target=\"_self\">Read More<span class=\"screen-reader-text\">: Zemyna<\/span><\/a><\/div>\n\n<\/li><\/ul><\/div>\n","protected":false},"excerpt":{"rendered":"","protected":false},"author":17673413,"featured_media":0,"parent":0,"menu_order":0,"comment_status":"closed","ping_status":"closed","template":"","meta":{"_crdt_document":"","jetpack_post_was_ever_published":false,"footnotes":""},"class_list":["post-8","page","type-page","status-publish","hentry"],"jetpack_sharing_enabled":true,"_links":{"self":[{"href":"https:\/\/lithuania.wordcamp.org\/2025\/wp-json\/wp\/v2\/pages\/8","targetHints":{"allow":["GET"]}}],"collection":[{"href":"https:\/\/lithuania.wordcamp.org\/2025\/wp-json\/wp\/v2\/pages"}],"about":[{"href":"https:\/\/lithuania.wordcamp.org\/2025\/wp-json\/wp\/v2\/types\/page"}],"author":[{"embeddable":true,"href":"https:\/\/lithuania.wordcamp.org\/2025\/wp-json\/wp\/v2\/users\/17673413"}],"replies":[{"embeddable":true,"href":"https:\/\/lithuania.wordcamp.org\/2025\/wp-json\/wp\/v2\/comments?post=8"}],"version-history":[{"count":1,"href":"https:\/\/lithuania.wordcamp.org\/2025\/wp-json\/wp\/v2\/pages\/8\/revisions"}],"predecessor-version":[{"id":1709,"href":"https:\/\/lithuania.wordcamp.org\/2025\/wp-json\/wp\/v2\/pages\/8\/revisions\/1709"}],"wp:attachment":[{"href":"https:\/\/lithuania.wordcamp.org\/2025\/wp-json\/wp\/v2\/media?parent=8"}],"curies":[{"name":"wp","href":"https:\/\/api.w.org\/{rel}","templated":true}]}}