{"id":1906,"date":"2025-09-10T15:00:53","date_gmt":"2025-09-10T12:00:53","guid":{"rendered":"https:\/\/lithuania.wordcamp.org\/2025\/?page_id=1906"},"modified":"2025-09-10T15:18:47","modified_gmt":"2025-09-10T12:18:47","slug":"places-to-visit","status":"publish","type":"page","link":"https:\/\/lithuania.wordcamp.org\/2025\/places-to-visit\/","title":{"rendered":"Places to visit"},"content":{"rendered":"\n<h2 class=\"wp-block-heading\"><strong>1. Kaunas Castle &amp; Santaka Park<\/strong><\/h2>\n\n\n\n<figure class=\"wp-block-image size-large\"><img loading=\"lazy\" decoding=\"async\" width=\"1024\" height=\"507\" src=\"https:\/\/lithuania.wordcamp.org\/2025\/files\/2025\/09\/Kaunas-castle-1024x507.png\" alt=\"\" class=\"wp-image-1920\" srcset=\"https:\/\/lithuania.wordcamp.org\/2025\/files\/2025\/09\/Kaunas-castle-1024x507.png 1024w, https:\/\/lithuania.wordcamp.org\/2025\/files\/2025\/09\/Kaunas-castle-300x149.png 300w, https:\/\/lithuania.wordcamp.org\/2025\/files\/2025\/09\/Kaunas-castle-768x380.png 768w, https:\/\/lithuania.wordcamp.org\/2025\/files\/2025\/09\/Kaunas-castle-500x248.png 500w, https:\/\/lithuania.wordcamp.org\/2025\/files\/2025\/09\/Kaunas-castle-1536x761.png 1536w, https:\/\/lithuania.wordcamp.org\/2025\/files\/2025\/09\/Kaunas-castle.png 2048w\" sizes=\"auto, (max-width: 1024px) 100vw, 1024px\" \/><figcaption class=\"wp-element-caption\">A. Aleksandravi\u010dius<\/figcaption><\/figure>\n\n\n\n<p class=\"wp-block-paragraph\">A 14th-century medieval stone castle at the confluence of the Nemunas and Neris rivers, next to a beautiful park.<\/p>\n\n\n\n<figure class=\"wp-block-image size-large\"><img loading=\"lazy\" decoding=\"async\" width=\"1024\" height=\"575\" src=\"https:\/\/lithuania.wordcamp.org\/2025\/files\/2025\/09\/Santaka-1024x575.png\" alt=\"\" class=\"wp-image-1921\" srcset=\"https:\/\/lithuania.wordcamp.org\/2025\/files\/2025\/09\/Santaka-1024x575.png 1024w, https:\/\/lithuania.wordcamp.org\/2025\/files\/2025\/09\/Santaka-300x169.png 300w, https:\/\/lithuania.wordcamp.org\/2025\/files\/2025\/09\/Santaka-768x431.png 768w, https:\/\/lithuania.wordcamp.org\/2025\/files\/2025\/09\/Santaka-500x281.png 500w, https:\/\/lithuania.wordcamp.org\/2025\/files\/2025\/09\/Santaka-1536x863.png 1536w, https:\/\/lithuania.wordcamp.org\/2025\/files\/2025\/09\/Santaka.png 1800w\" sizes=\"auto, (max-width: 1024px) 100vw, 1024px\" \/><figcaption class=\"wp-element-caption\">kasvykstakaune.lt<\/figcaption><\/figure>\n\n\n\n<ul class=\"wp-block-list\">\n<li><strong>Location<\/strong>: old town<\/li>\n\n\n\n<li><strong>Opening hours<\/strong>:\n<ul class=\"wp-block-list\">\n<li>September\u2013May: Tue\u2013Fri 10:00\u201318:00; Sat 10:00\u201317:00<\/li>\n\n\n\n<li>June\u2013August: Tue\u2013Sat 10:00\u201318:00; Sun 10:00\u201316:00<\/li>\n<\/ul>\n<\/li>\n\n\n\n<li><strong>Tickets<\/strong>: Adults \u20ac4; Students\/Seniors \u20ac2; Children free<\/li>\n\n\n\n<li><strong>Address<\/strong>: Pilies g. 17, Kaunas<\/li>\n\n\n\n<li><strong>Contact<\/strong>: +370 687 55 263, <a>pilis.kasa@kaunomuziejus.lt<\/a><\/li>\n\n\n\n<li><strong>Website<\/strong>: <a href=\"https:\/\/kaunomuziejus.lt\/en\/plan-your-visit-to-kaunas-castle\/?utm_source=chatgpt.com\" target=\"_blank\" rel=\"noreferrer noopener\">Kaunas Castle<\/a><\/li>\n<\/ul>\n\n\n\n<hr class=\"wp-block-separator has-alpha-channel-opacity\" \/>\n\n\n\n<h2 class=\"wp-block-heading\">2. <strong>Laisv\u0117s Al\u0117ja (Liberty Avenue) &amp; Vilniaus Street, Old Town<\/strong><\/h2>\n\n\n\n<figure class=\"wp-block-image size-large\"><img loading=\"lazy\" decoding=\"async\" width=\"1024\" height=\"463\" src=\"https:\/\/lithuania.wordcamp.org\/2025\/files\/2025\/09\/Laisves-al-1024x463.png\" alt=\"\" class=\"wp-image-1923\" srcset=\"https:\/\/lithuania.wordcamp.org\/2025\/files\/2025\/09\/Laisves-al-1024x463.png 1024w, https:\/\/lithuania.wordcamp.org\/2025\/files\/2025\/09\/Laisves-al-300x135.png 300w, https:\/\/lithuania.wordcamp.org\/2025\/files\/2025\/09\/Laisves-al-768x347.png 768w, https:\/\/lithuania.wordcamp.org\/2025\/files\/2025\/09\/Laisves-al-500x226.png 500w, https:\/\/lithuania.wordcamp.org\/2025\/files\/2025\/09\/Laisves-al-1536x694.png 1536w, https:\/\/lithuania.wordcamp.org\/2025\/files\/2025\/09\/Laisves-al.png 2048w\" sizes=\"auto, (max-width: 1024px) 100vw, 1024px\" \/><\/figure>\n\n\n\n<figure class=\"wp-block-image size-full\"><img loading=\"lazy\" decoding=\"async\" width=\"1024\" height=\"768\" src=\"https:\/\/lithuania.wordcamp.org\/2025\/files\/2025\/09\/Vilnius-street.png\" alt=\"\" class=\"wp-image-1925\" srcset=\"https:\/\/lithuania.wordcamp.org\/2025\/files\/2025\/09\/Vilnius-street.png 1024w, https:\/\/lithuania.wordcamp.org\/2025\/files\/2025\/09\/Vilnius-street-300x225.png 300w, https:\/\/lithuania.wordcamp.org\/2025\/files\/2025\/09\/Vilnius-street-768x576.png 768w, https:\/\/lithuania.wordcamp.org\/2025\/files\/2025\/09\/Vilnius-street-400x300.png 400w\" sizes=\"auto, (max-width: 1024px) 100vw, 1024px\" \/><\/figure>\n\n\n\n<p class=\"wp-block-paragraph\">A lively pedestrian boulevard and cobbled street lined with caf\u00e9s, shops, and interwar architecture.<\/p>\n\n\n\n<ul class=\"wp-block-list\">\n<li><strong>Location<\/strong>: city center &amp; old town<\/li>\n\n\n\n<li><strong>Hours<\/strong>: Open 24\/7<\/li>\n\n\n\n<li><strong>Entry fee<\/strong>: Free<\/li>\n\n\n\n<li><strong>Location<\/strong>: Central Kaunas<\/li>\n<\/ul>\n\n\n\n<hr class=\"wp-block-separator has-alpha-channel-opacity\" \/>\n\n\n\n<h2 class=\"wp-block-heading\">3. <strong>Devils Museum<\/strong><\/h2>\n\n\n\n<figure class=\"wp-block-image size-large\"><img loading=\"lazy\" decoding=\"async\" width=\"1024\" height=\"683\" src=\"https:\/\/lithuania.wordcamp.org\/2025\/files\/2025\/09\/Devils-museum-1024x683.png\" alt=\"\" class=\"wp-image-1926\" srcset=\"https:\/\/lithuania.wordcamp.org\/2025\/files\/2025\/09\/Devils-museum-1024x683.png 1024w, https:\/\/lithuania.wordcamp.org\/2025\/files\/2025\/09\/Devils-museum-300x200.png 300w, https:\/\/lithuania.wordcamp.org\/2025\/files\/2025\/09\/Devils-museum-768x512.png 768w, https:\/\/lithuania.wordcamp.org\/2025\/files\/2025\/09\/Devils-museum-450x300.png 450w, https:\/\/lithuania.wordcamp.org\/2025\/files\/2025\/09\/Devils-museum.png 1536w\" sizes=\"auto, (max-width: 1024px) 100vw, 1024px\" \/><\/figure>\n\n\n\n<p class=\"wp-block-paragraph\">The world\u2019s only museum dedicated to devils, with more than 3,000 figures from around 70 countries.<\/p>\n\n\n\n<ul class=\"wp-block-list\">\n<li><strong>Location<\/strong>: city center<\/li>\n\n\n\n<li><strong>Opening hours<\/strong>:\n<ul class=\"wp-block-list\">\n<li>Tue, Wed, Fri 11:00\u201317:00<\/li>\n\n\n\n<li>Thu 11:00\u201319:00<\/li>\n\n\n\n<li>Sat &amp; Sun 10:00\u201317:00<\/li>\n<\/ul>\n<\/li>\n\n\n\n<li><strong>Tickets<\/strong>: Adults \u20ac8; Students\/Seniors \u20ac4<\/li>\n\n\n\n<li><strong>Address<\/strong>: V. Putvinskio g. 64, Kaunas<\/li>\n\n\n\n<li><strong>Contact<\/strong>: +370 675 13372, <a>mkc.velniai@ciurlionis.lt<\/a><\/li>\n\n\n\n<li><strong>Website<\/strong>: <a href=\"https:\/\/ciurlionis.lt\/activities\/branches\/a-zmuidzinavicius-creations-and-collections-museum-devils-museum\/?utm_source=chatgpt.com\" target=\"_blank\" rel=\"noreferrer noopener\">Devils Museum<\/a><\/li>\n<\/ul>\n\n\n\n<hr class=\"wp-block-separator has-alpha-channel-opacity\" \/>\n\n\n\n<h2 class=\"wp-block-heading\">4. <strong>Pa\u017eaislis Monastery<\/strong><\/h2>\n\n\n\n<figure class=\"wp-block-image size-large\"><img loading=\"lazy\" decoding=\"async\" width=\"1024\" height=\"563\" src=\"https:\/\/lithuania.wordcamp.org\/2025\/files\/2025\/09\/Pazaislis-1024x563.png\" alt=\"\" class=\"wp-image-1927\" srcset=\"https:\/\/lithuania.wordcamp.org\/2025\/files\/2025\/09\/Pazaislis-1024x563.png 1024w, https:\/\/lithuania.wordcamp.org\/2025\/files\/2025\/09\/Pazaislis-300x165.png 300w, https:\/\/lithuania.wordcamp.org\/2025\/files\/2025\/09\/Pazaislis-768x422.png 768w, https:\/\/lithuania.wordcamp.org\/2025\/files\/2025\/09\/Pazaislis-500x275.png 500w, https:\/\/lithuania.wordcamp.org\/2025\/files\/2025\/09\/Pazaislis.png 1536w\" sizes=\"auto, (max-width: 1024px) 100vw, 1024px\" \/><figcaption class=\"wp-element-caption\">A. Aleksandravi\u010dius<\/figcaption><\/figure>\n\n\n\n<p class=\"wp-block-paragraph\">A stunning Baroque monastery by the water, perfect for walks and guided tours.<\/p>\n\n\n\n<ul class=\"wp-block-list\">\n<li><strong>Location<\/strong>: 10 km from city center<\/li>\n\n\n\n<li><strong>Opening hours<\/strong>: Thu\u2013Fri 10:00\u201317:00; Sat 10:00\u201316:00<\/li>\n\n\n\n<li><strong>Tickets<\/strong>: Adults \u20ac6; Students\/Seniors \u20ac3<\/li>\n\n\n\n<li><strong>Address<\/strong>: T. Masiulio g. 31, Kaunas<\/li>\n\n\n\n<li><strong>Contact<\/strong>: +370 37 458 868, <a>info@pazaislis.org<\/a><\/li>\n\n\n\n<li><strong>Website<\/strong>: <a href=\"https:\/\/www.pazaislis.org\/en\/\" target=\"_blank\" rel=\"noreferrer noopener\">Pa\u017eaislis Monastery<\/a><\/li>\n<\/ul>\n\n\n\n<hr class=\"wp-block-separator has-alpha-channel-opacity\" \/>\n\n\n\n<h2 class=\"wp-block-heading\">5. <strong>Ninth Fort Museum<\/strong><\/h2>\n\n\n\n<figure class=\"wp-block-image size-large\"><img loading=\"lazy\" decoding=\"async\" width=\"1024\" height=\"683\" src=\"https:\/\/lithuania.wordcamp.org\/2025\/files\/2025\/09\/IX-Fort-1024x683.png\" alt=\"\" class=\"wp-image-1928\" srcset=\"https:\/\/lithuania.wordcamp.org\/2025\/files\/2025\/09\/IX-Fort-1024x683.png 1024w, https:\/\/lithuania.wordcamp.org\/2025\/files\/2025\/09\/IX-Fort-300x200.png 300w, https:\/\/lithuania.wordcamp.org\/2025\/files\/2025\/09\/IX-Fort-768x512.png 768w, https:\/\/lithuania.wordcamp.org\/2025\/files\/2025\/09\/IX-Fort-450x300.png 450w, https:\/\/lithuania.wordcamp.org\/2025\/files\/2025\/09\/IX-Fort.png 1200w\" sizes=\"auto, (max-width: 1024px) 100vw, 1024px\" \/><figcaption class=\"wp-element-caption\">\u00a9 KDFM \/ Martynas Plepys<\/figcaption><\/figure>\n\n\n\n<p class=\"wp-block-paragraph\">A memorial and museum dedicated to WWII tragedies and Soviet repression.<\/p>\n\n\n\n<ul class=\"wp-block-list\">\n<li><strong>Location<\/strong>: 10 km from city center<\/li>\n\n\n\n<li><strong>Opening hours<\/strong>: Tue\u2013Sun 10:00\u201318:00 (closed Mondays)<\/li>\n\n\n\n<li><strong>Tickets<\/strong>: Adults \u20ac8; Students\/Seniors \u20ac4; Free on last Sundays<\/li>\n\n\n\n<li><strong>Address<\/strong>: \u017demai\u010di\u0173 pl. 73, Kaunas<\/li>\n\n\n\n<li><strong>Contact<\/strong>: +370 686 26243<\/li>\n\n\n\n<li><strong>Website<\/strong>: <a href=\"https:\/\/www.9fortomuziejus.lt\/en\/home\/?utm_source=chatgpt.com\" target=\"_blank\" rel=\"noreferrer noopener\">Ninth Fort Museum<\/a><\/li>\n<\/ul>\n\n\n\n<hr class=\"wp-block-separator has-alpha-channel-opacity\" \/>\n\n\n\n<h2 class=\"wp-block-heading\">6. <strong>Art Deco Museum<\/strong><\/h2>\n\n\n\n<figure class=\"wp-block-image size-large\"><img loading=\"lazy\" decoding=\"async\" width=\"1024\" height=\"576\" src=\"https:\/\/lithuania.wordcamp.org\/2025\/files\/2025\/09\/Art-Deco-Museum-1024x576.png\" alt=\"\" class=\"wp-image-1929\" srcset=\"https:\/\/lithuania.wordcamp.org\/2025\/files\/2025\/09\/Art-Deco-Museum-1024x576.png 1024w, https:\/\/lithuania.wordcamp.org\/2025\/files\/2025\/09\/Art-Deco-Museum-300x169.png 300w, https:\/\/lithuania.wordcamp.org\/2025\/files\/2025\/09\/Art-Deco-Museum-768x432.png 768w, https:\/\/lithuania.wordcamp.org\/2025\/files\/2025\/09\/Art-Deco-Museum-500x281.png 500w, https:\/\/lithuania.wordcamp.org\/2025\/files\/2025\/09\/Art-Deco-Museum.png 1360w\" sizes=\"auto, (max-width: 1024px) 100vw, 1024px\" \/><\/figure>\n\n\n\n<p class=\"wp-block-paragraph\">An authentic interwar apartment with preserved Art Deco interiors\u2014an immersive guided experience.<\/p>\n\n\n\n<ul class=\"wp-block-list\">\n<li><strong>Location<\/strong>: City center<\/li>\n\n\n\n<li><strong>Visit<\/strong>: Guided tours only (pre-booking required)<\/li>\n\n\n\n<li><strong>Tickets<\/strong>: ~\u20ac23 per person<\/li>\n\n\n\n<li><strong>Address<\/strong>: Gedimino g. 48\u20135, Kaunas<\/li>\n\n\n\n<li><strong>Contact<\/strong>: +370 618 85964<\/li>\n\n\n\n<li><strong>Website<\/strong>: <a href=\"https:\/\/www.artdecomuziejus.lt\/en\/\" target=\"_blank\" rel=\"noreferrer noopener\">Art Deco Museum<\/a><\/li>\n<\/ul>\n\n\n\n<hr class=\"wp-block-separator has-alpha-channel-opacity\" \/>\n\n\n\n<h2 class=\"wp-block-heading\">7. <strong>\u010ciurlionis Museum of Art<\/strong><\/h2>\n\n\n\n<figure class=\"wp-block-image size-large\"><img loading=\"lazy\" decoding=\"async\" width=\"1024\" height=\"683\" src=\"https:\/\/lithuania.wordcamp.org\/2025\/files\/2025\/09\/Ciurlionis-art-museum-1024x683.png\" alt=\"\" class=\"wp-image-1930\" srcset=\"https:\/\/lithuania.wordcamp.org\/2025\/files\/2025\/09\/Ciurlionis-art-museum-1024x683.png 1024w, https:\/\/lithuania.wordcamp.org\/2025\/files\/2025\/09\/Ciurlionis-art-museum-300x200.png 300w, https:\/\/lithuania.wordcamp.org\/2025\/files\/2025\/09\/Ciurlionis-art-museum-768x512.png 768w, https:\/\/lithuania.wordcamp.org\/2025\/files\/2025\/09\/Ciurlionis-art-museum-450x300.png 450w, https:\/\/lithuania.wordcamp.org\/2025\/files\/2025\/09\/Ciurlionis-art-museum.png 1536w\" sizes=\"auto, (max-width: 1024px) 100vw, 1024px\" \/><figcaption class=\"wp-element-caption\">Just\u0117 Mocevi\u010di\u016bt\u0117<\/figcaption><\/figure>\n\n\n\n<p class=\"wp-block-paragraph\">Lithuania\u2019s national art museum, home to masterpieces by M. K. \u010ciurlionis and other important collections.<\/p>\n\n\n\n<p class=\"wp-block-paragraph\"><strong>Location<\/strong>: City center<br><strong>Website<\/strong>: <a href=\"https:\/\/ciurlionis.lt\/activities\/branches\/m-k-ciurlionis-national-museum-of-art\/\" target=\"_blank\" rel=\"noreferrer noopener\">\u010ciurlionis Museum of Art<\/a><br>Mobile (Mon\u2013Fri 09:00\u201317:30):\u00a0<a href=\"tel:+37068658330\" target=\"_blank\" rel=\"noreferrer noopener\">+370 686 58330<\/a><\/p>\n\n\n\n<p class=\"wp-block-paragraph\"><strong>Opening hours<\/strong>:<\/p>\n\n\n\n<p class=\"wp-block-paragraph\">Tue, Fri\u2013Sun 10:00\u201318:00<br>Wed &amp; Thu 11:00\u201319:00<\/p>\n\n\n\n<p class=\"wp-block-paragraph\"><strong>Tickets<\/strong>: Adults \u20ac10; Students\/Seniors \u20ac5<br><strong>Address<\/strong>: V. Putvinskio g. 55, Kaunas<br><strong>Contact<\/strong>: +370 684 84463, <a>mkc.info@ciurlionis.lt<\/a><\/p>\n\n\n\n<h2 class=\"wp-block-heading\"><strong>8. Mokslo sala (Science Island)<\/strong><\/h2>\n\n\n\n<figure class=\"wp-block-image size-large\"><img loading=\"lazy\" decoding=\"async\" width=\"1024\" height=\"682\" src=\"https:\/\/lithuania.wordcamp.org\/2025\/files\/2025\/09\/Mokslo-sala-1024x682.png\" alt=\"\" class=\"wp-image-1931\" srcset=\"https:\/\/lithuania.wordcamp.org\/2025\/files\/2025\/09\/Mokslo-sala-1024x682.png 1024w, https:\/\/lithuania.wordcamp.org\/2025\/files\/2025\/09\/Mokslo-sala-300x200.png 300w, https:\/\/lithuania.wordcamp.org\/2025\/files\/2025\/09\/Mokslo-sala-768x512.png 768w, https:\/\/lithuania.wordcamp.org\/2025\/files\/2025\/09\/Mokslo-sala-450x300.png 450w, https:\/\/lithuania.wordcamp.org\/2025\/files\/2025\/09\/Mokslo-sala.png 1536w\" sizes=\"auto, (max-width: 1024px) 100vw, 1024px\" \/><\/figure>\n\n\n\n<p class=\"wp-block-paragraph\">Lithuania\u2019s first Science and Innovation Promotion Centre \u2013 a modern, hands-on museum with a large interactive exhibition, a planetarium, STEAM laboratories, and family-friendly educational programs. It\u2019s a place where science comes alive for all ages.<\/p>\n\n\n\n<ul class=\"wp-block-list\">\n<li><strong>Location<\/strong>: City center<br><\/li>\n\n\n\n<li><strong>Opening hours<\/strong>:<br>\u2022 Tuesday\u2013Friday: 09:00\u201318:00<br>\u2022 Saturday\u2013Sunday: 10:00\u201319:00<br>\u2022 Closed on Mondays<br><\/li>\n\n\n\n<li><strong>Tickets<\/strong>:<br>\u2022 Exhibition \u2013 Adults \u20ac17, Children (3\u201318 yrs) \u20ac12, Family (up to 2 adults + 3 children) \u20ac50<br>\u2022 Planetarium \u2013 Adults \u20ac8, Children \u20ac6<br>\u2022 STEAM Lab activities \u2013 \u20ac6 per person<br><em>Free admission for people with disabilities and companions, as well as seniors over 80.<\/em><br><\/li>\n\n\n\n<li><strong>Address<\/strong>: Karaliaus Mindaugo pr. 50, Kaunas<br><\/li>\n\n\n\n<li><strong>Contacts<\/strong>:<br>\u2022 General info: <a>info@mokslosala.lt<\/a><br>\u2022 Group visits: <a>grupes@mokslosala.lt<\/a><br>\u2022 STEAM education: <a>steam@mokslosala.lt<\/a><br>\u2022 Ticket office: <a>kasos@mokslosala.lt<\/a><br>\u2022 Phone: +370 634 24144<br><\/li>\n\n\n\n<li><strong>Website<\/strong>: <a href=\"https:\/\/mokslosala.lt\/en\/home-page\/\" target=\"_blank\" rel=\"noreferrer noopener\">mokslosala.lt\/en<\/a><\/li>\n<\/ul>\n","protected":false},"excerpt":{"rendered":"<p>1. Kaunas Castle &amp; Santaka Park A 14th-century medieval stone castle at the confluence of the Nemunas and Neris rivers, next to a beautiful park. 2. Laisv\u0117s Al\u0117ja (Liberty Avenue) &amp; Vilniaus Street, Old Town A lively pedestrian boulevard and cobbled street lined with caf\u00e9s, shops, and interwar architecture. 3. Devils Museum The world\u2019s only [&hellip;]<\/p>\n","protected":false},"author":17673413,"featured_media":0,"parent":0,"menu_order":0,"comment_status":"closed","ping_status":"closed","template":"","meta":{"_crdt_document":"","jetpack_post_was_ever_published":false,"footnotes":""},"class_list":["post-1906","page","type-page","status-publish","hentry"],"jetpack_sharing_enabled":true,"_links":{"self":[{"href":"https:\/\/lithuania.wordcamp.org\/2025\/wp-json\/wp\/v2\/pages\/1906","targetHints":{"allow":["GET"]}}],"collection":[{"href":"https:\/\/lithuania.wordcamp.org\/2025\/wp-json\/wp\/v2\/pages"}],"about":[{"href":"https:\/\/lithuania.wordcamp.org\/2025\/wp-json\/wp\/v2\/types\/page"}],"author":[{"embeddable":true,"href":"https:\/\/lithuania.wordcamp.org\/2025\/wp-json\/wp\/v2\/users\/17673413"}],"replies":[{"embeddable":true,"href":"https:\/\/lithuania.wordcamp.org\/2025\/wp-json\/wp\/v2\/comments?post=1906"}],"version-history":[{"count":6,"href":"https:\/\/lithuania.wordcamp.org\/2025\/wp-json\/wp\/v2\/pages\/1906\/revisions"}],"predecessor-version":[{"id":1936,"href":"https:\/\/lithuania.wordcamp.org\/2025\/wp-json\/wp\/v2\/pages\/1906\/revisions\/1936"}],"wp:attachment":[{"href":"https:\/\/lithuania.wordcamp.org\/2025\/wp-json\/wp\/v2\/media?parent=1906"}],"curies":[{"name":"wp","href":"https:\/\/api.w.org\/{rel}","templated":true}]}}